-25
Let c(o) = -2*o - 49. Give c(16).
-81
Let r(z) = -4*z - 42. Give r(0).
-42
Let i(s) = -2*s**2 + 3*s + 4. Give i(-4).
-40
Let i(x) = -47*x + 52. What is i(5)?
-183
Let p(c) = c. What is p(5)?
5
Let q(b) = -b**2 + 2*b - 5. Give q(5).
-20
Let r(s) = s**3 + 2*s**2 + 3*s + 1. What is r(-4)?
-43
Let p(u) = 30*u + 197. Determine p(-7).
-13
Let o(r) = -r**3 + 18*r**2 + r + 1. What is o(18)?
19
Let x(u) = u - 16. Give x(26).
10
Let m(q) = -10*q + 73. Calculate m(11).
-37
Let p(t) = -t**3 + 8*t**2 + 9*t + 12. Give p(9).
12
Let l(b) = -3*b**2 + 2*b - 8. What is l(2)?
-16
Let x(r) = r. Give x(-5).
-5
Let r(f) = -f**2 + 7*f + 40. Calculate r(12).
-20
Let p(n) = n + 43. What is p(-46)?
-3
Let r(l) = 4*l**2 - 128*l + 127. Give r(31).
3
Let h(l) = -l**2 - 10*l - 13. Calculate h(-2).
3
Let a(z) = -20*z - 27. Give a(-5).
73
Let a(h) = -h**3 + h - 5. What is a(0)?
-5
Let k(b) = 16*b**2 - 5*b - 5. What is k(-1)?
16
Let r(z) = 11*z + 83. Calculate r(-7).
6
Let q(z) = 4*z - 87. What is q(10)?
-47
Let g(k) = -2*k - 1. Determine g(-7).
13
Let z(h) = 21*h + 1. Determine z(5).
106
Let q(b) = -b**3 - 14*b**2 + 33*b + 20. Determine q(-16).
4
Let r(g) = -g**3 - 4*g**2 + 16*g - 10. Give r(-7).
25
Let t(k) = -2*k**2 - 45*k + 155. Determine t(3).
2
Let s(d) = -3*d + 17. Give s(8).
-7
Let o(y) = y**3 + 2*y**2 - 4*y + 20. Calculate o(0).
20
Let a(w) = 2*w**2 + 24*w - 1. Calculate a(-12).
-1
Let u(m) = -m**3 - 11*m**2 - 25*m - 4. Calculate u(-6).
-34
Let l(i) = 12*i - 4. What is l(4)?
44
Let h(a) = a**3 - 8*a**2 + 13*a - 4. Give h(6).
2
Let v(l) = l**3 + 3*l**2 + 3*l + 3. Determine v(-2).
1
Let h(z) = -3*z + 96. Calculate h(28).
12
Let h(j) = -4*j**2 + 11*j. Calculate h(3).
-3
Let n(h) = 2*h + 5. Determine n(-14).
-23
Let t(x) = x**3 - 16*x**2 + 30*x + 7. Determine t(13).
-110
Let a(d) = -d - 7. What is a(0)?
-7
Let k(u) = u**2 + 5*u + 9. Determine k(-4).
5
Let u(j) = -j**3 - 2*j + 7. Give u(3).
-26
Let m(d) = d**3 - 6*d**2 - 16*d + 7. Determine m(7).
-56
Let l(g) = 4*g**2 + 6*g + 7. Give l(-4).
47
Let r(j) = -j**3 - 9*j**2 + 15*j + 4. Calculate r(-11).
81
Let u(n) = 4*n + 18. Calculate u(-4).
2
Let g(a) = -a**3 + 5*a**2 - 3*a. What is g(5)?
-15
Let i(c) = -30*c + 630. Determine i(21).
0
Let g(p) = -p**3 + 29*p**2 - 51*p - 35. What is g(27)?
46
Let t(o) = -7*o - 76. What is t(-10)?
-6
Let d(w) = 2*w + 2. Calculate d(-1).
0
Let g(x) = -3*x**3 - 20*x**2 + 4*x - 12. Give g(-7).
9
Let v(g) = 6*g**2 + 4*g - 2. What is v(2)?
30
Let f(t) = -t**3 + 7*t**2 - 4*t - 17. Determine f(6).
-5
Let c(d) = -2*d**3 + 17*d**2 + 11*d - 10. What is c(9)?
8
Let p(a) = -6*a**2 + 6*a + 6. Give p(-3).
-66
Let t(n) = -4*n - 5. What is t(1)?
-9
Let f(a) = a**3 + 6*a**2 + 7*a + 4. Determine f(-5).
-6
Let u(g) = -g**2 - 15*g - 15. What is u(-14)?
-1
Let r(u) = 2*u + 3. Calculate r(6).
15
Let j(w) = w**2 + 12*w - 16. What is j(-11)?
-27
Let k(g) = -2*g**3 - 9*g**2 + 2*g - 22. Determine k(-5).
-7
Let k(l) = 2*l**3 + 18*l**2 + 1. Give k(-9).
1
Let x(z) = 5*z**3 + 2*z**2 + 2*z. Calculate x(-1).
-5
Let q(o) = -o**2 + 3*o + 7. Give q(5).
-3
Let g(h) = h**3 - 11*h**2 - 10*h + 13. What is g(11)?
-97
Let i(h) = -386*h + 1927. Determine i(5).
-3
Let t(d) = 56*d + 4. Give t(1).
60
Let t(j) = 6*j - 8. Give t(8).
40
Let q(p) = -3*p**2 - 37*p - 12. What is q(-12)?
0
Let a(d) = d**3 + 19*d**2 + 44*d - 55. Determine a(-16).
9
Let y(s) = -4*s - 10. Determine y(4).
-26
Let c(t) = -t**3 - 4*t**2 + 3*t. Determine c(1).
-2
Let y(k) = 2*k + 25. Calculate y(-10).
5
Let s(z) = z**2 - 12*z - 32. What is s(13)?
-19
Let w(t) = 2*t**3 - 24*t**2 + 21*t + 7. Determine w(11).
-4
Let u(q) = 18*q - 32. What is u(2)?
4
Let y(b) = -b**2 - 11*b - 22. Calculate y(-7).
6
Let w(f) = -4*f + 13. Calculate w(-3).
25
Let t(b) = -4*b - 11. What is t(-9)?
25
Let h(n) = -7*n. Give h(4).
-28
Let s(l) = l**2 - 19*l + 18. What is s(18)?
0
Let s(b) = 4*b**2 + b - 1. Determine s(-3).
32
Let a(w) = w**3 + 14*w**2 + 22*w + 3. Give a(-12).
27
Let x(m) = m**3 + 2*m**2 - 6*m + 23. Determine x(0).
23
Let d(q) = q**2 - 3*q + 4. Give d(7).
32
Let k(m) = m**3 + 46*m**2 + 44*m - 53. What is k(-45)?
-8
Let n(r) = -15*r + 97. What is n(5)?
22
Let s(g) = -2*g**2 - 10*g + 11. Give s(-9).
-61
Let k(g) = -3*g + 9. What is k(5)?
-6
Let p(j) = -j**2 + 2*j + 1. Give p(6).
-23
Let j(g) = 9*g - 13. What is j(-5)?
-58
Let j(y) = 2*y**2 - 16*y + 37. Give j(4).
5
Let h(x) = -2*x**3 - 17*x**2 + 10*x + 18. Determine h(-9).
9
Let u(o) = o**3 - 20*o**2 + 50*o + 37. Give u(17).
20
Let b(q) = -20*q**2. Calculate b(1).
-20
Let o(s) = 11*s - 21. Determine o(8).
67
Let t(c) = -c**3 + 5*c**2 - 6*c + 33. What is t(5)?
3
Let u(t) = 2*t**3 - 13*t**2 - 3*t - 2. Calculate u(7).
26
Let h(i) = 6*i - 23. What is h(9)?
31
Let y(m) = m**3 - 46*m**2 + 45*m + 15. Determine y(45).
15
Let o(f) = -3*f + 10. Calculate o(7).
-11
Let n(k) = k**3 + 35*k**2 - 113*k + 30. Give n(-38).
-8
Let k(q) = -q**3 - 11*q**2 - 11*q + 7. Determine k(-10).
17
Let m(r) = r - 6. Determine m(7).
1
Let z(d) = -d**2 + 3*d + 15. Calculate z(11).
-73
Let d(p) = -7*p - 71. Determine d(-3).
-50
Let v(r) = -9*r - 97. Determine v(-9).
-16
Let q(d) = -105*d + 3. Give q(1).
-102
Let c(n) = n**3 - 26*n + 9. Determine c(5).
4
Let c(p) = 55*p + 483. Give c(-9).
-12
Let k(n) = n**2 - 23*n + 62. Determine k(19).
-14
Let q(c) = 2*c - 21. Determine q(0).
-21
Let l(t) = t + 14. Determine l(-10).
4
Let r(b) = 12*b - 29. Give r(7).
55
Let y(b) = b**3 + 10*b**2 - 8. Calculate y(-10).
-8
Let b(s) = 4*s + 48. Determine b(-16).
-16
Let k(j) = -37*j + 1. What is k(1)?
-36
Let n(j) = 2*j**3 - 38*j**2 - 11. Give n(19).
-11
Let h(k) = k**2 + 7*k - 8. What is h(-9)?
10
Let d(r) = 45*r. What is d(-2)?
-90
Let h(z) = -3*z**2 + 14*z - 44. Determine h(4).
-36
Let n(g) = g**3 - 17*g**2 + 17*g - 15. Give n(16).
1
Let z(p) = -4*p + 12. Calculate z(12).
-36
Let y(g) = -g**2 + 4*g + 95. Give y(12).
-1
Let y(k) = 5*k - 36. Calculate y(8).
4
Let m(t) = -4*t**2 - 11*t - 24. What is m(-5)?
-69
Let v(y) = -16*y**3 - 5*y + 4. Calculate v(1).
-17
Let x(z) = z**2 + 7*z - 1. Determine x(-7).
-1
Let q(i) = -4*i + 5. Determine q(4).
-11
Let t(n) = 11*n + 64. What is t(-5)?
9
Let b(l) = -l**3 + 5*l**2 + l + 7. What is b(3)?
28
Let o(k) = -k**2 - 5*k + 18. Determine o(-12).
-66
Let g(q) = -q**3 - 6*q**2 + 3. What is g(-3)?
-24
Let t(g) = g**3 - 2*g**2 - 3*g + 2. What is t(-3)?
-34
Let z(k) = -2*k + 67. Determine z(0).
67
Let v(z) = 11*z - 27. Give v(3).
6
Let d(v) = -12*v - 35. Determine d(-8).
61
Let v(y) = 8*y + 1. Give v(1).
9
Let c(x) = -x**3 + 21*x**2 + 8. Calculate c(21).
8
Let o(v) = v**2 + 3*v - 8. Calculate o(-4).
-4
Let p(o) = -2*o**3 + o**2 + o + 1. Determine p(-1).
3
Let m(r) = -r**3 + 28*r**2 + 33*r - 118. Determine m(29).
-2
Let v(g) = -2*g**2 - 9*g - 5. Calculate v(5).
-100
Let q(u) = -19*u - 3. Determine q(-7).
130
Let k(m) = -m**3 - 6*m**2 - 3*m + 2. Calculate k(-4).
-18
Let j(w) = -2*w**3 + 2*w**2 + 3*w + 2. Give j(-2).
20
Let x(w) = w**3 - 7*w**2 + 5*w - 9. What is x(6)?
-15
Let q(t) = -t**3 - 5*t**2 - 7*t - 7. Calculate q(-3).
-4
Let o(x) = x**3 + 4*x**2 + 4*x + 4. What is o(-3)?
1
Let r(w) = -w**3 + 14*w**2 - 14*w + 11. What is r(13)?
-2
Let v(p) = -p**2 + 4*p + 7. What is v(6)?
-5
Let q(h) = -h**3 - 7*h**2 - h + 17. Determine q(-6).
-13
Let t(q) = -7*q**2 - 4*q + 8. Calculate t(-5).
-147
Let a(d) = d**2 - 13*d - 23. What is a(18)?
67
Let d(x) = x**2 + 14*x + 9. What is d(-8)?
-39
Let x(v) = -v**2 - 10*v - 7. What is x(-10)?
-7
Let s(w) = 2*w - 26. What is s(17)?
8
Let g(z) = z**2 + 10*z + 25. Calculate g(-10).
25
Let k(w) = -3*w + 95. Determine k(27).
14
Let r(x) = x**3 - 16*x**2 - 33*x + 272. Determine r(17).
0
Let u(f) = 3*f + 22. Determine u(4).
34
Let n(w) = -w**3 + 5*w**2 + 4*w - 5. What is n(6)?
-17
Let s(n) = n**2 - n - 6. Calculate s(4).
6
Let i(p) = 3*p**3 + p**2 - 3*p + 1. Calculate i(2).
23
Let t(r) = r**3 + 16*r**2 + 17*r + 28. Give t(-15).
-2
Let n(i) = 2*i**2 + 3*i - 4. Calculate n(1).
1
Let j(a) = a**3 + 15*a**2 - a - 17. Give j(-15).
-2
Let m(r) = -4*r**2 - 16*r - 3. Determine m(-7).
-87
Let g(n) = 51*n + 50. Determine g(-1).
-1
Let p(b) = -7*b + 172. What is p(25)?
-3
Let k(n) = n**2 + 5*n - 13. Give k(-6).
-7
Let u(i) = 9*i**3 - i - 1. Determine u(-1).
-9
Let h(u) = u**3 - 20*u**2 - 7. What is h(20)?
-7
Let y(b) = b**2 - 14*b - 